{"id":208,"date":"2024-06-27T09:12:53","date_gmt":"2024-06-27T09:12:53","guid":{"rendered":"https:\/\/praxis-kaenguruh.ch\/?page_id=208"},"modified":"2024-06-27T09:12:53","modified_gmt":"2024-06-27T09:12:53","slug":"impressum","status":"publish","type":"page","link":"https:\/\/praxis-kaenguruh.ch\/index.php\/impressum\/","title":{"rendered":"Impressum"},"content":{"rendered":"\n<p><strong>Praxis beim K\u00e4nguruh<\/strong><br>Gasenzenstrasse 5<br>CH-9473 Gams<br>Schweiz<\/p>\n\n\n\n<p>Telefon: +41 81 771 50 10\/15<br>Fax: +41 81 771 50 14<br>E-Mail: <a>info@kaenguruh-mode.ch<\/a><\/p>\n\n\n\n<p><strong>Urheberrecht<\/strong><\/p>\n\n\n\n<p>Die durch die Seitenbetreiber erstellten Inhalte und Werke auf diesen Seiten unterliegen dem schweizerischen Urheberrecht. Beitr\u00e4ge Dritter sind als solche gekennzeichnet. Die Vervielf\u00e4ltigung, Bearbeitung, Verbreitung und jede Art der Verwertung au\u00dferhalb der Grenzen des Urheberrechtes bed\u00fcrfen der schriftlichen Zustimmung des jeweiligen Autors bzw. Erstellers. Downloads und Kopien dieser Seite sind nur f\u00fcr den privaten, nicht kommerziellen Gebrauch gestattet.<\/p>\n\n\n\n<p><strong>Haftungsausschluss f\u00fcr Links von Dritten<\/strong><\/p>\n\n\n\n<p>Unsere Website enth\u00e4lt Links zu externen Webseiten Dritter, auf deren Inhalte wir keinen Einfluss haben. Deshalb k\u00f6nnen wir f\u00fcr diese fremden Inhalte auch keine Gew\u00e4hr \u00fcbernehmen. F\u00fcr die Inhalte der verlinkten Seiten ist stets der jeweilige Anbieter oder Betreiber der Seiten verantwortlich. Die verlinkten Seiten wurden zum Zeitpunkt der Verlinkung auf m\u00f6gliche Rechtsverst\u00f6\u00dfe \u00fcberpr\u00fcft. Rechtswidrige Inhalte waren zum Zeitpunkt der Verlinkung nicht erkennbar. Eine permanente inhaltliche Kontrolle der verlinkten Seiten ist jedoch ohne konkrete Anhaltspunkte einer Rechtsverletzung nicht zumutbar. Bei Bekanntwerden von Rechtsverletzungen werden wir derartige Links umgehend entfernen.<\/p>\n","protected":false},"excerpt":{"rendered":"<p>Praxis beim K\u00e4nguruhGasenzenstrasse 5CH-9473 GamsSchweiz Telefon: +41 81 771 50 10\/15Fax: +41 81 771 50 14E-Mail: info@kaenguruh-mode.ch Urheberrecht Die durch die Seitenbetreiber erstellten Inhalte und Werke auf diesen Seiten unterliegen dem schweizerischen Urheberrecht. Beitr\u00e4ge Dritter sind als solche gekennzeichnet. Die Vervielf\u00e4ltigung, Bearbeitung, Verbreitung und jede Art der Verwertung au\u00dferhalb der Grenzen des Urheberrechtes bed\u00fcrfen der &hellip; <\/p>\n<p class=\"link-more\"><a href=\"https:\/\/praxis-kaenguruh.ch\/index.php\/impressum\/\" class=\"more-link\"><span class=\"screen-reader-text\">\u201eImpressum\u201c<\/span> weiterlesen<\/a><\/p>\n","protected":false},"author":2,"featured_media":0,"parent":0,"menu_order":0,"comment_status":"closed","ping_status":"closed","template":"","meta":{"footnotes":""},"class_list":["post-208","page","type-page","status-publish","hentry"],"yoast_head":"<!-- This site is optimized with the Yoast SEO plugin v26.0 - https:\/\/yoast.com\/wordpress\/plugins\/seo\/ -->\n<title>Impressum - Massage-Praxis K\u00e4nguruh<\/title>\n<meta name=\"robots\" content=\"index, follow, max-snippet:-1, max-image-preview:large, max-video-preview:-1\" \/>\n<link rel=\"canonical\" href=\"https:\/\/praxis-kaenguruh.ch\/index.php\/impressum\/\" \/>\n<meta property=\"og:locale\" content=\"de_DE\" \/>\n<meta property=\"og:type\" content=\"article\" \/>\n<meta property=\"og:title\" content=\"Impressum - Massage-Praxis K\u00e4nguruh\" \/>\n<meta property=\"og:description\" content=\"Praxis beim K\u00e4nguruhGasenzenstrasse 5CH-9473 GamsSchweiz Telefon: +41 81 771 50 10\/15Fax: +41 81 771 50 14E-Mail: info@kaenguruh-mode.ch Urheberrecht Die durch die Seitenbetreiber erstellten Inhalte und Werke auf diesen Seiten unterliegen dem schweizerischen Urheberrecht. Beitr\u00e4ge Dritter sind als solche gekennzeichnet. Die Vervielf\u00e4ltigung, Bearbeitung, Verbreitung und jede Art der Verwertung au\u00dferhalb der Grenzen des Urheberrechtes bed\u00fcrfen der &hellip; \u201eImpressum\u201c weiterlesen\" \/>\n<meta property=\"og:url\" content=\"https:\/\/praxis-kaenguruh.ch\/index.php\/impressum\/\" \/>\n<meta property=\"og:site_name\" content=\"Massage-Praxis K\u00e4nguruh\" \/>\n<meta name=\"twitter:card\" content=\"summary_large_image\" \/>\n<meta name=\"twitter:label1\" content=\"Gesch\u00e4tzte Lesezeit\" \/>\n\t<meta name=\"twitter:data1\" content=\"1\u00a0Minute\" \/>\n<script type=\"application\/ld+json\" class=\"yoast-schema-graph\">{\"@context\":\"https:\/\/schema.org\",\"@graph\":[{\"@type\":\"WebPage\",\"@id\":\"https:\/\/praxis-kaenguruh.ch\/index.php\/impressum\/\",\"url\":\"https:\/\/praxis-kaenguruh.ch\/index.php\/impressum\/\",\"name\":\"Impressum - Massage-Praxis K\u00e4nguruh\",\"isPartOf\":{\"@id\":\"https:\/\/praxis-kaenguruh.ch\/#website\"},\"datePublished\":\"2024-06-27T09:12:53+00:00\",\"breadcrumb\":{\"@id\":\"https:\/\/praxis-kaenguruh.ch\/index.php\/impressum\/#breadcrumb\"},\"inLanguage\":\"de\",\"potentialAction\":[{\"@type\":\"ReadAction\",\"target\":[\"https:\/\/praxis-kaenguruh.ch\/index.php\/impressum\/\"]}]},{\"@type\":\"BreadcrumbList\",\"@id\":\"https:\/\/praxis-kaenguruh.ch\/index.php\/impressum\/#breadcrumb\",\"itemListElement\":[{\"@type\":\"ListItem\",\"position\":1,\"name\":\"Startseite\",\"item\":\"https:\/\/praxis-kaenguruh.ch\/\"},{\"@type\":\"ListItem\",\"position\":2,\"name\":\"Impressum\"}]},{\"@type\":\"WebSite\",\"@id\":\"https:\/\/praxis-kaenguruh.ch\/#website\",\"url\":\"https:\/\/praxis-kaenguruh.ch\/\",\"name\":\"Massage-Praxis beim K\u00e4nguruh\",\"description\":\"Gams und Flumserberg-Bergheim\",\"publisher\":{\"@id\":\"https:\/\/praxis-kaenguruh.ch\/#organization\"},\"potentialAction\":[{\"@type\":\"SearchAction\",\"target\":{\"@type\":\"EntryPoint\",\"urlTemplate\":\"https:\/\/praxis-kaenguruh.ch\/?s={search_term_string}\"},\"query-input\":{\"@type\":\"PropertyValueSpecification\",\"valueRequired\":true,\"valueName\":\"search_term_string\"}}],\"inLanguage\":\"de\"},{\"@type\":\"Organization\",\"@id\":\"https:\/\/praxis-kaenguruh.ch\/#organization\",\"name\":\"Massage Praxis beim K\u00e4nguruh\",\"url\":\"https:\/\/praxis-kaenguruh.ch\/\",\"logo\":{\"@type\":\"ImageObject\",\"inLanguage\":\"de\",\"@id\":\"https:\/\/praxis-kaenguruh.ch\/#\/schema\/logo\/image\/\",\"url\":\"https:\/\/praxis-kaenguruh.ch\/wp-content\/uploads\/2019\/01\/Praxis-kaenguruh-massage-energetisch-schamanisch.jpg\",\"contentUrl\":\"https:\/\/praxis-kaenguruh.ch\/wp-content\/uploads\/2019\/01\/Praxis-kaenguruh-massage-energetisch-schamanisch.jpg\",\"width\":1920,\"height\":1280,\"caption\":\"Massage Praxis beim K\u00e4nguruh\"},\"image\":{\"@id\":\"https:\/\/praxis-kaenguruh.ch\/#\/schema\/logo\/image\/\"}}]}<\/script>\n<!-- \/ Yoast SEO plugin. -->","yoast_head_json":{"title":"Impressum - Massage-Praxis K\u00e4nguruh","robots":{"index":"index","follow":"follow","max-snippet":"max-snippet:-1","max-image-preview":"max-image-preview:large","max-video-preview":"max-video-preview:-1"},"canonical":"https:\/\/praxis-kaenguruh.ch\/index.php\/impressum\/","og_locale":"de_DE","og_type":"article","og_title":"Impressum - Massage-Praxis K\u00e4nguruh","og_description":"Praxis beim K\u00e4nguruhGasenzenstrasse 5CH-9473 GamsSchweiz Telefon: +41 81 771 50 10\/15Fax: +41 81 771 50 14E-Mail: info@kaenguruh-mode.ch Urheberrecht Die durch die Seitenbetreiber erstellten Inhalte und Werke auf diesen Seiten unterliegen dem schweizerischen Urheberrecht. Beitr\u00e4ge Dritter sind als solche gekennzeichnet. Die Vervielf\u00e4ltigung, Bearbeitung, Verbreitung und jede Art der Verwertung au\u00dferhalb der Grenzen des Urheberrechtes bed\u00fcrfen der &hellip; \u201eImpressum\u201c weiterlesen","og_url":"https:\/\/praxis-kaenguruh.ch\/index.php\/impressum\/","og_site_name":"Massage-Praxis K\u00e4nguruh","twitter_card":"summary_large_image","twitter_misc":{"Gesch\u00e4tzte Lesezeit":"1\u00a0Minute"},"schema":{"@context":"https:\/\/schema.org","@graph":[{"@type":"WebPage","@id":"https:\/\/praxis-kaenguruh.ch\/index.php\/impressum\/","url":"https:\/\/praxis-kaenguruh.ch\/index.php\/impressum\/","name":"Impressum - Massage-Praxis K\u00e4nguruh","isPartOf":{"@id":"https:\/\/praxis-kaenguruh.ch\/#website"},"datePublished":"2024-06-27T09:12:53+00:00","breadcrumb":{"@id":"https:\/\/praxis-kaenguruh.ch\/index.php\/impressum\/#breadcrumb"},"inLanguage":"de","potentialAction":[{"@type":"ReadAction","target":["https:\/\/praxis-kaenguruh.ch\/index.php\/impressum\/"]}]},{"@type":"BreadcrumbList","@id":"https:\/\/praxis-kaenguruh.ch\/index.php\/impressum\/#breadcrumb","itemListElement":[{"@type":"ListItem","position":1,"name":"Startseite","item":"https:\/\/praxis-kaenguruh.ch\/"},{"@type":"ListItem","position":2,"name":"Impressum"}]},{"@type":"WebSite","@id":"https:\/\/praxis-kaenguruh.ch\/#website","url":"https:\/\/praxis-kaenguruh.ch\/","name":"Massage-Praxis beim K\u00e4nguruh","description":"Gams und Flumserberg-Bergheim","publisher":{"@id":"https:\/\/praxis-kaenguruh.ch\/#organization"},"potentialAction":[{"@type":"SearchAction","target":{"@type":"EntryPoint","urlTemplate":"https:\/\/praxis-kaenguruh.ch\/?s={search_term_string}"},"query-input":{"@type":"PropertyValueSpecification","valueRequired":true,"valueName":"search_term_string"}}],"inLanguage":"de"},{"@type":"Organization","@id":"https:\/\/praxis-kaenguruh.ch\/#organization","name":"Massage Praxis beim K\u00e4nguruh","url":"https:\/\/praxis-kaenguruh.ch\/","logo":{"@type":"ImageObject","inLanguage":"de","@id":"https:\/\/praxis-kaenguruh.ch\/#\/schema\/logo\/image\/","url":"https:\/\/praxis-kaenguruh.ch\/wp-content\/uploads\/2019\/01\/Praxis-kaenguruh-massage-energetisch-schamanisch.jpg","contentUrl":"https:\/\/praxis-kaenguruh.ch\/wp-content\/uploads\/2019\/01\/Praxis-kaenguruh-massage-energetisch-schamanisch.jpg","width":1920,"height":1280,"caption":"Massage Praxis beim K\u00e4nguruh"},"image":{"@id":"https:\/\/praxis-kaenguruh.ch\/#\/schema\/logo\/image\/"}}]}},"_links":{"self":[{"href":"https:\/\/praxis-kaenguruh.ch\/index.php\/wp-json\/wp\/v2\/pages\/208","targetHints":{"allow":["GET"]}}],"collection":[{"href":"https:\/\/praxis-kaenguruh.ch\/index.php\/wp-json\/wp\/v2\/pages"}],"about":[{"href":"https:\/\/praxis-kaenguruh.ch\/index.php\/wp-json\/wp\/v2\/types\/page"}],"author":[{"embeddable":true,"href":"https:\/\/praxis-kaenguruh.ch\/index.php\/wp-json\/wp\/v2\/users\/2"}],"replies":[{"embeddable":true,"href":"https:\/\/praxis-kaenguruh.ch\/index.php\/wp-json\/wp\/v2\/comments?post=208"}],"version-history":[{"count":1,"href":"https:\/\/praxis-kaenguruh.ch\/index.php\/wp-json\/wp\/v2\/pages\/208\/revisions"}],"predecessor-version":[{"id":209,"href":"https:\/\/praxis-kaenguruh.ch\/index.php\/wp-json\/wp\/v2\/pages\/208\/revisions\/209"}],"wp:attachment":[{"href":"https:\/\/praxis-kaenguruh.ch\/index.php\/wp-json\/wp\/v2\/media?parent=208"}],"curies":[{"name":"wp","href":"https:\/\/api.w.org\/{rel}","templated":true}]}}